. Let n = y + -38. What is the remainder when 98 is divided by (-462)/(-18) + n/(-6)?
23
Let c = -14414 - -15300. What is the remainder when c is divided by 324?
238
Suppose 34160 = 318*f - 13*f. What is the remainder when 1157 is divided by f?
37
Let k = 19796 + -19787. What is the remainder when 1627 is divided by k?
7
Let r(w) = -1570*w - 10962. What is the remainder when 739 is divided by r(-7)?
11
Let b(l) = 2*l**2 - 7*l - 60. Let v be b(-6). What is the remainder when v + 40/8 - -2 is divided by 62/8*(3 - -1)?
30
Let u(p) = -p**2 - 10*p - 19. Suppose -3*w + 34 = -5*q, -q = -3*q - w - 18. Let v be u(q). What is the remainder when v/(-15) - ((-194)/5 - 1) is divided by 22?
18
Let v = 11218 + -11086. What is the remainder when 3822 is divided by v?
126
Let k = 2 - 4. Let g = -9586 - -9612. Calculate the remainder when (k/(-4))/((-3)/(-450)) is divided by g.
23
Calculate the remainder when 314 - 0 - 1014/78 is divided by 84.
49
Let u = 1013 + -988. What is the remainder when 304 is divided by u?
4
Let v = 123 - 88. Let d(m) = -50*m + 155. Let t be d(3). Suppose t*o - 1531 = -486. What is the remainder when o is divided by v?
34
Calculate the remainder when 109 is divided by ((-48)/(-36))/(10/135).
1
Let v = 77 + -62. Suppose -14*s = -v*s + 128. Let h = s - 90. What is the remainder when h is divided by 10?
8
Suppose 5*k = 31 - 11. Let x = -4 - -225. Let n = -214 + x. Calculate the remainder when n is divided by k.
3
Suppose -1644 = -4*w - 2*h, -3*w + 255*h - 252*h + 1206 = 0. Calculate the remainder when w is divided by 39.
18
Let g(b) = -b**3 + 35*b**2 - 296*b + 76. What is the remainder when 2019 is divided by g(16)?
183
Suppose 5*o = 85 - 15. Suppose o + 2076 = 38*l. What is the remainder when l is divided by 19?
17
What is the remainder when 6 + -3 + 5 + (-4 - -483) is divided by 70?
67
Let j(d) = -d**3 - 1. Let m(i) = 5*i**3 - 5*i**2 - 4. Let g(a) = 4*j(a) + m(a). Suppose -3*s + s = -12. Calculate the remainder when g(s) is divided by 16.
12
Calculate the remainder when 2989 is divided by 4 - (-834)/20 - (-57)/190.
45
Suppose 331*y + 40 = 335*y. Suppose -y*f - 9*f + 171 = 0. What is the remainder when 98 is divided by f?
8
Suppose 599*s - 594*s - q - 408 = 0, -4*q + 312 = 4*s. What is the remainder when 761 is divided by s?
32
Let c be (-5 + (-44)/(-8))*(-4 - -4). Calculate the remainder when 259*(c - 0 - -1) is divided by 20.
19
Let b = 82 + 50. Suppose 24 = 4*w - b. Let i = -14 + 18. What is the remainder when w is divided by i?
3
Suppose 11*s + 406 - 780 = 0. What is the remainder when 157 is divided by s?
21
Let b(n) = -22*n + 259 + 292 - 1021. Calculate the remainder when 47 is divided by b(-22).
5
Let p be (-1)/(-1 - -2 - (-23)/(-22)). Suppose -10 - p = -4*g. Let n = 6 + g. What is the remainder when 55 is divided by n?
13
Let m(k) = -k**2 - k - 1. Let l(y) = 5*y**2 + 24*y - 8. Let b(o) = l(o) + 3*m(o). Calculate the remainder when 207 is divided by b(-13).
45
Suppose 5*s + y = 1038, 0 = -4*s - 4*y + 113 + 711. Calculate the remainder when s is divided by 32.
16
Let m = 12790 + -12320. Calculate the remainder when m is divided by 14.
8
Let z = -98 - -139. Let g = 2819 - 2768. Calculate the remainder when g is divided by z.
10
Let x be (-22)/(-4) + 1/2 + 0. Calculate the remainder when (-6)/9 - (x - 80/3) is divided by 11.
9
Suppose 2*g - 87 = g. Calculate the remainder when g is divided by (-18)/(-3) + 11 + 1.
15
What is the remainder when 407 is divided by ((-237)/9)/(84/18 + -5)?
12
Let g = -19 + 114. Let r = 2654 + -4312. Let f = 1686 + r. What is the remainder when g is divided by f?
11
Let o(l) = l**2 - 43*l - 837. What is the remainder when ((-12)/5)/(2/(-795)) is divided by o(-15)?
30
Calculate the remainder when (-1)/15*(-105)/84 - (-19235)/12 is divided by 4.
3
Let z = -6319 + 6683. Calculate the remainder when z is divided by 56.
28
Let i(q) = 2*q**2 + 121*q + 500. Calculate the remainder when 1915 is divided by i(-4).
43
Let a(b) = b + 2. Let y be a(0). Suppose y = 10*z + 12. What is the remainder when 33 is divided by (8 + z)*(-8 - -9)?
5
Suppose -135*i - 166*i + 60501 = 0. What is the remainder when 17485 is divided by i?
199
Suppose -222*u = -5694 - 5284 + 2542. Calculate the remainder when 2078 is divided by u.
26
Suppose 2268 + 1390 = 118*l. Let d = 518 - 244. Calculate the remainder when d is divided by l.
26
Suppose -1999*h + 2001*h = x - 49, 3*h = -x + 69. Calculate the remainder when 725 is divided by x.
41
Suppose 3*z = 5*k + 308 + 485, -z + 259 = k. Calculate the remainder when z is divided by 60.
21
Suppose 10*h - 371 = -32*h + 259. Let v(n) = 18*n + 10. What is the remainder when v(6) is divided by h?
13
Let s(u) = 3*u**2 + 2*u - 14. Let f be s(2). Suppose 2*x - f*d - d - 52 = 0, -2*x - d = -44. Calculate the remainder when 87 is divided by x.
18
Let q(k) = k**3 + 104*k**2 + 1316*k + 20. What is the remainder when q(-15) is divided by 80?
65
Let j = -16 + 50. Suppose 0 = 3*g - 5*i - 260, -3*g = 23*i - 20*i - 276. Calculate the remainder when g is divided by j.
22
Let s(x) = -x**2 - 3*x + 4. Let r be s(-4). Suppose -49*p + 42*p - 560 = r. Let o = -43 - p. What is the remainder when o is divided by 13?
11
Let j(k) = -219*k**3 - 4*k**2 - 9*k - 4. Calculate the remainder when j(-1) is divided by 10.
0
Let y = -28 + 7. Let z = y - -98. Calculate the remainder when z is divided by 70.
7
Suppose -39 = -10*i + 51. Let x = -4 - -9. Let g = x + -1. Calculate the remainder when i is divided by g.
1
Suppose -35*p + 484 + 3692 = 23*p. What is the remainder when 2298 is divided by p?
66
Suppose 82*b - 989 = -169. Calculate the remainder when 466 is divided by b.
6
Calculate the remainder when 162 is divided by ((8/(-3))/((-42)/(-9)))/((-2)/343).
64
Suppose 4*g = -4*w + 2496, -g = -5*g - 4. Suppose 0 = -11*s + 2198 - w. Calculate the remainder when s is divided by 29.
27
Suppose -13*q + 16*q = 168. Suppose -5*s + 4*s + 4*i = -q, 0 = 5*s + i - 280. What is the remainder when 166 is divided by s?
54
Let q = 220 + -211. What is the remainder when 78 is divided by (-168)/q*(384/56)/(-8)?
14
Suppose -4171 = -181*h + 10030 + 279. What is the remainder when 717 is divided by h?
77
Suppose -7*y = -4*y - 129. Suppose -3*n = -i + y, -4*i - 39 = 2*n - 281. Calculate the remainder when i is divided by 36.
22
Suppose -56*t = 222 - 838. Calculate the remainder when 1*-1 + (-8 - -96) is divided by t.
10
Let n(h) = -h + 3 + 3*h - 2*h - 7*h. What is the remainder when n(-2) is divided by 36/8 + (-7)/14?
1
Let k(o) = 97*o**2 + 189*o + 1941. Calculate the remainder when k(-11) is divided by 80.
79
Let t(i) = i**3 - 2*i**2 - 5*i + 1. Suppose 22713*b = 24236*b - 216266. What is the remainder when b is divided by t(4)?
12
Suppose 12*d - 424 + 27 + 25 = 0. Calculate the remainder when 1455 is divided by d.
29
Suppose 0 = 2*x + 3*k + 16, -3*x - 5*k = 6 + 18. Suppose 0 = -4*g + 103 - 3. Calculate the remainder when g is divided by -1 + ((-150)/40)/(3/x).
7
Suppose -5*g - 24*m + 19*m = -25, -3*g - 4*m = -20. Suppose -16*s + 155 + 85 = g. What is the remainder when 55 is divided by s?
10
What is the remainder when 11852 is divided by (-3144)/(-80) + (-594)/780 + (-12)/(-26)?
35
Let d be 4*(-12)/(-16) - (-14 - 2). Let i = -10 + d. Suppose -u - 2*k + i = 1, 2*u = 5*k + 43. Calculate the remainder when 15 is divided by u.
1
Let p(n) = 2*n + 1. Let z be p(2). Suppose 0 = -10*b + z*b + 25. Suppose 2*y + 7 = 5*g, -5 = 5*g - b*y - 0*y. Calculate the remainder when g is divided by 2.
1
Suppose q = -4*u + 154, 14 - 50 = -u + q. What is the remainder when 69 is divided by u + 9/54*6?
30
Let d(n) = -2*n**3 - 136*n**2 - 326*n - 4080. Suppose -b = -2*b + 19. Calculate the remainder when b is divided by d(-66).
7
Let z = -30 + -115. Let g = 158 + z. Calculate the remainder when 38 is divided by g.
12
Suppose -5*n - 2*t = -579, 0 = 72*t - 77*t - 40. Calculate the remainder when 2144 is divided by n.
2
Let w(v) = v**3 + 12*v**2 + 3*v - 6. Let k be w(-16). What is the remainder when k/21*9/(-6) is divided by (21/(-15) - -2)*45?
23
Suppose 13*a - 2*a - 1188 = -16*a. Calculate the remainder when 7697 is divided by a.
41
Suppose 20*d + 17 + 23 = 0. Let l(g) = 14*g**2 + 7*g + 14. Calculate the remainder when l(d) is divided by ((-10)/3)/((-8)/36).
11
Let f = 2372 